= 3*y - 0*y. Let j(n) = 4*n**2 - 3*n + 2. Suppose 0 = 63*h - 27*h - 33*h - 81. What is the remainder when j(y) is divided by h?
24
Let w(f) = f**3 + 48*f**2 - 28*f - 894. What is the remainder when w(-48) is divided by 41?
40
Let c(k) = k + 14. Let z be (-4)/6*(0 - 9 - -3). Calculate the remainder when (4/(8/(-106)))/(-1) is divided by c(z).
17
What is the remainder when 4/(-9)*-861 + ((-32)/12 - -3) is divided by 96?
95
Let h(p) = 13*p + 4. Let x = -7822 + 8855. Calculate the remainder when x is divided by h(5).
67
Let t = -28 - -41. What is the remainder when 1022 is divided by t?
8
Let p(b) = b**2 - 20*b - 2. Let l be p(21). Suppose -8*v - l*v = -1944. Calculate the remainder when 214 is divided by v.
70
Let f = 8659 - 7573. What is the remainder when f is divided by 179?
12
Let u(r) = -5*r**2 + r + 4. Let k be u(2). Let s = k - -14. Suppose s = 2*h - 21 - 7. What is the remainder when 38 is divided by h?
10
What is the remainder when (-8859)/(-9) + (-88)/(-33) is divided by 26?
25
Let x = 114 - 89. Suppose 3*j - 596 = j. Suppose -4*q + o + j = 0, q + o + 224 = 4*q. Calculate the remainder when q is divided by x.
24
Let n = -117 + 191. Suppose 4*y = -c - 17, 84 = 1916*c - 1912*c - 3*y. What is the remainder when n is divided by c?
14
Let o = -3429 + 4218. Calculate the remainder when o is divided by 18.
15
Suppose 338*d = 316*d + 1232. What is the remainder when 195 is divided by d?
27
Let y = -33 - -35. Suppose 17 = y*g - 3*g. Let m = -6 - g. What is the remainder when 32 is divided by m?
10
Let w = -66 + 67. Let l(u) = -19*u + 4. Let o be l(w). Let d = 13 - o. Calculate the remainder when d is divided by 10.
8
Suppose 4*v - 4*s - 12 = 0, -5*v - 18*s + 16*s = -29. Suppose -3*l + 59 = v*m, -l - 8 = m - 25. What is the remainder when 14 is divided by l?
1
What is the remainder when 287 is divided by -2*(9 + (-162)/12) + 103?
63
Let j(l) = -17*l**3 - 98*l**2 - l - 7. Calculate the remainder when j(-6) is divided by 41.
20
Let s(v) = 5*v**3 - 80*v**2 - 7*v - 153. Calculate the remainder when s(17) is divided by 85.
68
Let v(p) = -25*p + 1192. What is the remainder when v(47) is divided by 7?
3
Suppose 3*j - 66 = -3*k - 2*k, j - 3*k = 36. Let g(z) = 5*z + 57. Let r be g(-12). What is the remainder when j is divided by r/(-6*6/192)?
11
Let q(c) = -10*c + 8. Suppose 0 = -2*a + z - 5, -3*a + 15 = -3*z + 30. Calculate the remainder when 61 is divided by q(a).
5
Let x be (-102)/(-2)*((-8)/2 - -5). Suppose 3*c - 216 = -2*b, x*b - 55*b - 12 = 0. What is the remainder when c is divided by 21?
11
Let z be 8 + (-9 - (-5 - -5)). What is the remainder when (-3 + -79)*-2 - (-3 + z) is divided by 13?
12
Suppose -c - 138 = 2*c. Let x = 216 + c. Suppose 0 = v - 7*i + 2*i - 34, 0 = 3*v + 2*i - x. Calculate the remainder when v is divided by 19.
16
Suppose 0 = -5*x - t + 909, -27 = 4*t - 3. What is the remainder when 5306 is divided by x?
182
Let q = 2877 - 1910. Calculate the remainder when q is divided by 19.
17
Suppose 638 = 7*t + 36. Calculate the remainder when 849 is divided by t.
75
Let b = 5 - -6. Suppose -74*r = -77*r + 12. Suppose a + 0*a = r. What is the remainder when b is divided by a?
3
Let p = -192 + 191. Suppose 4*v = 68 + 68. What is the remainder when v is divided by (p - (-26)/12)*18?
13
Let b = 2975 + -2946. Calculate the remainder when 142 is divided by b.
26
Let p be 3393/(3 + 2 - (-63)/(-14)). Suppose -3*v = 23*v - p. Calculate the remainder when v is divided by 88.
85
Let x be (-3 + 8)/(5/10). Suppose -2*z - 6 = 0, -x*g + 503 = -6*g - z. Calculate the remainder when g is divided by 21.
20
Calculate the remainder when 304 is divided by ((-270)/(-35))/(3/14).
16
Let o(s) = -s**3 + 12*s**2 + 266*s - 2271. Let z(b) = 61*b**2. What is the remainder when o(8) is divided by z(1)?
52
Let s = -8767 - -8952. Calculate the remainder when s is divided by (-102)/(-2) + -2 + -2.
44
Suppose 67 = 3*d + 4. Let k = d - 21. What is the remainder when k*(-4)/16 + 7 is divided by 5?
2
Suppose -3*t + 31919 = 26*i - 27*i, -21282 = -2*t + i. What is the remainder when t is divided by 133?
130
Suppose 0 = -84*z + 81*z + 258. Let t be (z/5)/(6/(-120)*-8). What is the remainder when -4 - t*(-5 + 4) is divided by 10?
9
Suppose 52*w + 343 = 1383. Suppose -4*k + 20 = k. Suppose -17 - 11 = -k*s. Calculate the remainder when w is divided by s.
6
Let n(s) = -2*s**2 + s**2 + 25*s - s**2 + s**2 - 931 + 965. What is the remainder when 39 is divided by n(26)?
7
Let z(i) = -19*i + 253. Calculate the remainder when 307 is divided by z(6).
29
Let v = 13406 - 13254. What is the remainder when 1035 is divided by v?
123
Calculate the remainder when -2*(12038/(-78))/(-3 + 11/3) is divided by 448.
15
Suppose 149*y - 152*y - 3*r = -195, y = -4*r + 71. Calculate the remainder when 2342 is divided by y.
11
Suppose q + 12 = 3*q. Suppose q*x + 18 = 9*x. What is the remainder when 16 is divided by x?
4
Suppose 40 + 45 = 8*k - 91. What is the remainder when 2765 is divided by k?
15
Let h(y) = 22*y - 24. Let s be h(9). Let c = -165 + s. What is the remainder when 52 is divided by c?
7
What is the remainder when (650/4)/(14 + 459/(-34)) is divided by 55?
50
Suppose 3*i - 6*i = -18. Suppose -u - 395 = -i*u. What is the remainder when u is divided by 28?
23
Let x(z) = -2*z - 14. Let l be x(-12). Suppose 24 = -9*q + 60. What is the remainder when (-4 - -1) + q + l is divided by 7?
4
Suppose 25577*n - 25514*n = 8568. What is the remainder when 183 is divided by n?
47
Suppose -8*h - 41 + 185 = 0. What is the remainder when 137 is divided by h?
11
Suppose 5*n + 20 = 0, -5*j + 435 = -3*n - 13072. Calculate the remainder when j is divided by 30.
29
Let l = -361 - -372. Let c = -319 - -491. Calculate the remainder when c is divided by l.
7
Let l = 330 - 411. Let b = l + 459. What is the remainder when b is divided by 20?
18
Let u(q) = -q**3 + 17*q**2 - 11*q + 556. What is the remainder when u(18) is divided by 8/12 - 22/(-3)?
2
Let v(j) = 54*j + 4. Let r(q) = q**3 + 3*q**2 - 1. Let m be r(-1). What is the remainder when v(m) is divided by 24?
10
Let x(j) = -3*j**2 + 76*j - 261. Calculate the remainder when x(18) is divided by 76.
59
Let p be (-24)/(-9) + (-2)/3. Let l = -529 - -687. Suppose p*i - 4*y = 5*i - l, 5*i = -2*y + 268. What is the remainder when i is divided by 11?
10
Suppose -o = -3*q - 5, 5*o - 3*q + 23 = -4*q. What is the remainder when 231 is divided by (-1068)/(-84) - o*1/14?
10
Suppose 91*y - 397246 = 822791. Calculate the remainder when y is divided by 30.
27
Suppose -4*d - 1824 = -156. Let u = -246 - d. What is the remainder when u is divided by 16?
11
Let d = 956 + -859. Let f = 134 - d. Calculate the remainder when 144 is divided by f.
33
Let j be (3 + -3)*1/(-4). Let k = j - -20. Let t = 285 - 212. Calculate the remainder when t is divided by k.
13
Suppose 3*y = 6, -2*a - a + y + 10 = 0. Suppose h = 25 - a. What is the remainder when (-4)/(-6)*5400/(-30)*(-8)/16 is divided by h?
18
What is the remainder when 1397 is divided by (23349/430 - 6/20) + -4?
47
Let j = -196 + 226. What is the remainder when 305 is divided by 105/j*68/7?
33
Let u(h) = -h**3 + 7*h**2 - 6*h - 14. Let y be u(-3). Let r = y + -72. What is the remainder when r is divided by 6?
4
Calculate the remainder when 1534 is divided by 33/(3795/(-46)) - (-27)/5.
4
Let i(n) = 8*n - 1. Let f be i(-23). Let a = 241 + f. Calculate the remainder when a is divided by 19.
18
Let x(z) = 3*z**3 - 28*z**2 + 24*z + 36. Let y(l) = -l**3. Let u(g) = -x(g) - 2*y(g). Calculate the remainder when 134 is divided by u(27).
44
Suppose -7796 - 16291 = 5*z - 36*z. Calculate the remainder when z is divided by 776.
1
What is the remainder when (-6444)/(-21) - (14 - 1089/77) is divided by 30?
7
Let r(p) = -p**2 - 31*p + 24. Let q be r(-32). What is the remainder when 94*(4/(-16) - 6/q) is divided by 16?
15
Suppose 388243 = -141*y + 364*y. Calculate the remainder when 6970 is divided by y.
6
Let h(x) = -x**3 - 5*x**2 - 4*x. Let z = 7 + -12. Let m(n) = n**3 + 12*n**2 + 5*n - 8. Calculate the remainder when m(-11) is divided by h(z).
18
Suppose 30*g = 39*g - 4320. Suppose -g = -26*a + 92. Calculate the remainder when 527 is divided by a.
21
Let d be (-104)/(-18) - (329/(-63) - -5). Suppose -5*k = 2*b - 1268, -d*k + 5*b + 1275 = -k. What is 